se -7*y + 2*y + 35 = 0. Suppose 5 = -y*g - 9. What is j(g)?
4
Let f(w) = 3*w + 6. Suppose 20*q - 2*h = 15*q - 40, -2*h = -4*q - 32. Determine f(q).
-18
Let x(b) = 9*b. Let g(t) = 5*t. Let q(j) = -7*g(j) + 4*x(j). Let k be q(-5). Let w(v) = 0*v - 6 + v**2 - 3*v + 6*v. Determine w(k).
4
Let y be (-9)/(9/12 - 1) + 4. Suppose -y = p + 4*p. Let g(c) = c**2 + 7*c + 11. What is g(p)?
19
Let a = 36 - 32. Let x(s) = -3*s**2 + 3*s + 3. What is x(a)?
-33
Let o(a) = -2*a. Let u = 39 + -19. Suppose 2*p = 4*t + p + 10, u = -5*t + 5*p. What is o(t)?
4
Let x(h) = -h**3 - h**2 - h + 22. Let p be -2*(-2 - (3 - 0)). Suppose 0 = -p*a + 7*a. Give x(a).
22
Let s(c) = 555*c - 103 - 557*c + 109. Determine s(6).
-6
Suppose 2*g + 14 - 12 = 0. Let u(i) = -23*i**2 + 1. What is u(g)?
-22
Suppose -104 = 15*b - 28*b. Let h(i) = 4*i. Determine h(b).
32
Suppose 0 = -4*s - 12, 3*i + s = 80 - 8. Suppose -4*j + 20 = 3*k, -2*k - k - 5*j + i = 0. Let o(l) = 2*l**2 - l**3 - 2*l**2 - l + l**2. Give o(k).
0
Let p(x) = 4*x**2 + 4*x + 1. Let a(w) = -5*w**2 - 3*w - 1. Let n(v) = 3*a(v) + 4*p(v). Let j = -9 + 3. Calculate n(j).
-5
Let o(p) be the third derivative of -p**5/15 - p**4/12 - p**3/6 - 66*p**2. Calculate o(-1).
-3
Let u(v) = -3*v**3 - v**2 - 11. Let f(q) = -14*q**3 - 5*q**2 - 43. Let z(x) = 2*f(x) - 9*u(x). Calculate z(0).
13
Let l(c) = -8*c + 58*c**3 + 0 + 6 - 1 - 8*c**2 - 27*c**3 - 32*c**3. What is l(-7)?
12
Let f = -26 - -28. Let k(w) = -4*w**3 + 2*w**2 - 4*w + 3. Give k(f).
-29
Let k(v) be the second derivative of 0*v**2 + 1/2*v**3 - v + 0. Let b = 1 - 2. Give k(b).
-3
Suppose -3*l - 2*i = -36, -5*l = -9*l + i + 59. Let h(q) = q**3 - 13*q**2 - 14*q - 8. Calculate h(l).
-8
Let v(x) = -x**2 + 7*x - 31. Let b(i) = i**2 - 7*i + 38. Let f(p) = 4*b(p) + 5*v(p). Give f(6).
3
Suppose 5*l + 12*d - 27 = 15*d, 5*d = -l - 17. Let u(c) = c**3 - c**2 + 2*c - 1. Determine u(l).
23
Let q(n) be the third derivative of n**4/24 - 5*n**3/6 + 122*n**2. What is q(5)?
0
Let k(b) = b + 1. Let y be 1 + 0 + 3/3. Suppose 5 = -4*h - y*n - 1, n = 5*h + 4. Let q(j) = -7*j - 1. Let m(z) = h*q(z) - 6*k(z). Determine m(0).
-5
Let l(k) be the third derivative of -k**4/8 - 2*k**3/3 + 2*k**2 - 1. Determine l(-3).
5
Let u be (0/5)/(4 - 1). Let d(i) = u + 1 + 341*i - 346*i. What is d(4)?
-19
Suppose a = 5*q - 707, -8*a = 2*q - 10*a - 286. Let j = q + -143. Let z(f) = -9*f - 2. What is z(j)?
16
Let i(s) = 2 + s - 4 - 1 + 2. Suppose -f + 3*b = f + 2, -4*f - b + 10 = 0. Suppose -f*q = -48 + 30. Determine i(q).
8
Suppose -r + u = 0, 5*u - 4 = -2*r + 3*r. Let b(n) = 3*n - r + 6*n - 7*n. Give b(1).
1
Let n(o) = -2 + 441*o**2 + o**3 - 445*o**2 + o + 1. Suppose 0 = -4*w + 4 + 8. What is n(w)?
-7
Let k be 0/((7 + -6)*7). Let u(y) = -2*y - 8. Determine u(k).
-8
Let a(w) = -w**2 - 3*w - 1. Let o be -1 + (-21)/(-9) - 2/6. Suppose 6 = -y + o. Give a(y).
-11
Let f(g) = g**3 + 3*g**2 - 7*g - 5. Suppose 5*h - 4*z + 24 = 0, -3*h + 4*z = 2*z + 14. Give f(h).
7
Let r(n) be the first derivative of n**2/2 + 14*n - 76. Give r(-10).
4
Suppose 3 + 13 = 16*r. Let k(q) = 6*q - 3. Calculate k(r).
3
Let s be (-38)/(-14) + (-6)/(-21). Suppose 0 = 4*n - 3*y - 116, -s*n + 66 = 5*y - 50. Let u(g) = -7*g**2 + 32 - n. Determine u(1).
-7
Let v(p) = -p**3 + 5*p**2 + p - 1. Let n be v(5). Let y(k) be the third derivative of 5*k**2 - 1/60*k**5 + 0 + 7/24*k**n + 1/6*k**3 + 0*k. Calculate y(5).
11
Let f(r) = -r**2 - 11*r. Let w be f(-11). Let a(i) be the third derivative of 6*i**2 + 1/24*i**4 + w*i + 0 + 7/6*i**3. Determine a(-6).
1
Let u be (1 - -5)*(-2 - -1). Let o(k) = k**2 - 3*k + 4. What is o(u)?
58
Suppose -3*p = -0*p - 6. Let a(k) = -12*k**p - k + 3 - 5*k + 13*k**2. Calculate a(5).
-2
Let w be ((-4)/(-6))/((-1)/(-6)). Suppose -41 = -w*o + 27. Let n(r) = -19*r + r**2 + r**2 + o*r. Calculate n(2).
4
Let q(h) = -h**2 - h - 3. Suppose 0 = 6*d - 5*d - 3. Calculate q(d).
-15
Let t(y) = y**3 - 6*y**2 + 6*y - 6. Let l(m) = -4*m**3 + 2*m**2 + 2*m. Let o be l(-1). Suppose o*w = 14 - 6. Let p be (-2 + 2 - -3) + w. Determine t(p).
-1
Let f(a) = -3*a**2 + 45*a + 1. Let t(n) = 2*n**2 - 36*n. Let k(x) = -3*f(x) - 4*t(x). Let m = -28 + 19. What is k(m)?
-3
Let c(n) be the third derivative of -5*n**4/24 - 7*n**3/3 - 255*n**2. Calculate c(-10).
36
Let x(l) = -8*l - 3. Suppose 2*c - 5 - 1 = -z, 0 = -3*c. Calculate x(z).
-51
Let w be (3 - -4) + (-12 - 5 - -10). Let i(j) = -j**2 + 2*j - 5. Let c(m) = -m - 1. Let q(d) = 3*c(d) + i(d). What is q(w)?
-8
Let h(l) be the first derivative of 1/2*l**4 - 3*l + 3/2*l**2 - 5/3*l**3 - 6. Let w = -5 - -8. Determine h(w).
15
Let u(i) = -i**3 - 8*i**2 + 7*i - 13. Let w be u(-9). Suppose -t + w*t - 3*s = 16, -t - 4*s = -23. Let a(b) = b**3 + 4 - t*b**2 - 1 - 10 + 8*b. What is a(6)?
5
Let f(d) = -2*d - 2. Suppose 2*k - 17 = 4*a - 1, a = -k + 2. Suppose 0 = 2*z + 18 - k. Calculate f(z).
12
Let b(s) = -4*s**2 - s + 2. Suppose 0 = 106*v - 111*v + 10. Calculate b(v).
-16
Let l(n) be the first derivative of -n**3/3 + 36*n - 13. Give l(0).
36
Suppose 33 + 47 = -5*p. Let f = -10 - p. Let o(d) be the second derivative of -d**3/6 + d**2/2 - d. Calculate o(f).
-5
Let r(g) = 11*g - 18. Let p(o) = -15*o + 5. Let z(v) = 8*v - 2. Let d(h) = -4*p(h) - 7*z(h). Let m(l) = -8*d(l) + 3*r(l). What is m(0)?
-6
Let m(v) = -13*v**3 + 15 + v**2 + 42 + v - 56. Determine m(-1).
14
Let y(f) = 701*f**2 - 7 - 1406*f**2 - 9*f + 706*f**2. Calculate y(5).
-27
Let x(r) = -5*r. Let i(a) = 9*a + 1. Suppose 5*u = 3*j - 20, 5*u - 2*j - 3*j + 20 = 0. Let d(b) = u*i(b) - 7*x(b). Calculate d(5).
-9
Let g(v) = 0 + 3 + 4*v + 2. Suppose -3*h = -0*h. Suppose 3*w + 12 = 5*l, h = 5*w + 4*l + 20. Calculate g(w).
-11
Let r(h) = -8*h**2 + 23*h - 20. Let w(x) = -3*x**2 + 8*x - 7. Let g(p) = 6*r(p) - 17*w(p). Suppose -7*j = -179 + 172. What is g(j)?
4
Let t(v) = 2*v**2 + v + 4. Let j(u) = -u**2 - u - 3. Let r(k) = -5*j(k) - 3*t(k). Let o = -3 + 6. Calculate r(o).
0
Let k(q) be the second derivative of -q**2/2 - 11*q. Let a(b) = 2*b - 8. Let n(d) = -a(d) + 2*k(d). Determine n(4).
-2
Let l(g) = 2*g**2 - 10*g + 6. Let n(c) = 2*c**2 - 10*c + 6. Let d(t) = 3*l(t) - 4*n(t). Let h be d(5). Let s(m) = m**2 + 30*m + 2 + 38*m - 61*m. What is s(h)?
-4
Let t(r) be the first derivative of -r**3/3 - r**2/2 - r - 3. Suppose -4*d - 26 = -3*d. Let z be 2/(-8) - (4 + d/8). Determine t(z).
-1
Let r(z) = 5*z + 3. Suppose 0 = 3*m + 5*a + 5, -3*a - 16 = -m + 1. Determine r(m).
28
Suppose -86 = -11*g - 130. Let n(t) = t**2 - 8. What is n(g)?
8
Let q(g) be the second derivative of g**3/3 - 4*g**2 - 3*g + 1. What is q(7)?
6
Let y be (-9)/15*-5 + -1. Let b be ((-8)/(-3))/(y/(-3)). Let f(g) = -g**2 - 5*g - 4. Give f(b).
0
Let r(f) = -19*f - 48. Let w be r(-5). Suppose -3*c = 29 - w. Let x(d) = -d + 5. What is x(c)?
-1
Let c be 9 + -9 + -1 + -2. Let w(u) = -2*u. Calculate w(c).
6
Let w(y) = y - 1. Let f be w(2). Let o(n) = -5*n**3 - n**2 - n + 1. Give o(f).
-6
Let k(u) be the third derivative of -u**5/60 + u**4/6 - 3*u**3/2 + 185*u**2. What is k(6)?
-21
Let i(j) = -j**2 - j. Suppose 17 = -9*d + 26*d. Calculate i(d).
-2
Let u(l) = 12*l - 1. Let m be ((-28)/8)/7*-2. Calculate u(m).
11
Let t(i) be the second derivative of i**5/20 + 5*i**4/12 + i**3 + i**2 + i - 129. What is t(-4)?
-6
Let x be 2/(-6)*15 - 0. Let n(m) = m**3 + 5*m**2 + 3*m - 4. Calculate n(x).
-19
Let d(k) = 2*k + 2. Let a(q) = -q**2 + 21*q - 14. Let z be a(19). Let i = 28 - z. Calculate d(i).
10
Suppose 165*z - 162*z = -6. Let x(r) = r**2 - 2*r - 3. Calculate x(z).
5
Let g(k) = -k**2 + 5*k - 7. Suppose -27*w + 36 = -9*w. Calculate g(w).
-1
Let t be 92/(-6) - 4/(-12). Let j = -13 - t. Let o(r) = 6 + 8 - j*r - 10. Calculate o(5).
-6
Let u be ((-1 - 4) + 4)/((-8)/(-40)). Let k(s) = -s**3 - 6*s**2 + 2*s - 6. Give k(u).
-41
Let w(i) = i**2 + 3*i - 7. Let h = 422 + -426. Give w(h).
-3
Let y(i) = -i**3 + i**2 + i - 2. Suppose 8 = 7*a + 22. Calculate y(a).
8
Let j(f) = 1971 - 1967 - 7*f - 4*f**2 + 3*f**2. Give j(-10).
-26
Let d(a) = 7*a**2 + 11*a + 8. Let f(c) = 5*c**2 + 9*c + 7. Let h(k) = 2*d(k) - 3*f(k). Calculate h(-6).
-11
Let g(r) = -5*r - 21. Let m(k) = -2*k - 10. Let u(o) = 3*g(o) - 7*m(o). Determine u(-6).
13
Let z(c) = -21*c + 2. Let a = 7 - 2. Let t(m) = 11*m - 1. Let w(g) = a*t(g) + 3*z(g). Let r(o) = -o**2 - 16*o - 27. Let l be r(-14)